. What are the prime factors of w?
2, 23
Let l(o) = 11*o**3 - 3*o + 2. List the prime factors of l(2).
2, 3, 7
Let c(y) = y**2 + 4. Let d = 11 + -9. Suppose -d*u + 2 = -4. What are the prime factors of c(u)?
13
Let g be (1/2)/(1/(-12)). Let u(w) = w**3 + 5*w**2 - 8*w - 4. Let s be u(g). Suppose 0 = -2*b + s + 10. List the prime factors of b.
3
Let w be 2 + 70/(-5) + 5. Let x(i) = -19*i - 10. List the prime factors of x(w).
3, 41
Suppose -52*f + 137429 = 4569. List the prime factors of f.
5, 7, 73
Let a = 127 + 307. What are the prime factors of a?
2, 7, 31
Let s = -398 - -1570. What are the prime factors of s?
2, 293
Suppose 2*g - 10 - 6 = 0. Suppose 0 = 2*l + f - 71, 0 = -f + 4*f + 3. Suppose -4*c + l = -4*x, -c = 4*x - 26 - g. What are the prime factors of c?
2, 7
Suppose -3*l + 6 = 3*y - 3, -2*y - 15 = -5*l. Let x = l + 13. Suppose 15*r = x*r - 58. What are the prime factors of r?
2, 29
Let o(l) be the first derivative of 9 + 1/4*l**4 - 10/3*l**3 - 5/2*l**2 - l. List the prime factors of o(11).
5, 13
Let c(h) be the first derivative of -h**4/4 + 20*h**3/3 - 11*h**2/2 - 3*h - 8. What are the prime factors of c(19)?
149
Let x = 1 - 1. Suppose 5*a - 8*a + 6 = x. Suppose a*p + 208 = 6*p. List the prime factors of p.
2, 13
Let h = 14 + -21. What are the prime factors of (-1 - -26)*(-21)/h?
3, 5
Let z be (-32)/56 + 17/(-7). Let u(k) = k - 7. Let x be u(z). Let t(s) = -s**2 - 10*s + 11. List the prime factors of t(x).
11
Suppose -3*x + 2306 = 77. What are the prime factors of x?
743
Suppose 15*q = -2*u + 14*q + 997, -2*u = -2*q - 994. List the prime factors of u.
2, 3, 83
Suppose -50 = 4*s - 5*g - 3, 3*g - 57 = 4*s. Let b(i) = i**2 + 11*i + 27. List the prime factors of b(s).
3, 17
Let v = -24 + 7. Let f(a) = -a**3 + 14*a**2 + a + 9. Let n(s) = 3*s**3 - 41*s**2 - 3*s - 27. Let x(u) = v*f(u) - 6*n(u). What are the prime factors of x(8)?
17
Let c = 809 + -225. What are the prime factors of c?
2, 73
List the prime factors of (-52 + 43)*1*-419.
3, 419
Let v = -257 - -793. What are the prime factors of v?
2, 67
Let h(s) = -5*s**3 - 1. Let v be h(2). Let i = -9 + 94. Let a = v + i. What are the prime factors of a?
2, 11
Let z = 656 + -392. List the prime factors of z.
2, 3, 11
Let k be (0 - -1) + (-8)/(-4). Suppose -7 = -5*o + k. List the prime factors of (o/(-4))/((-1)/40).
2, 5
What are the prime factors of (363 - (3 - 1)) + -5?
2, 89
Let d = -18 + 26. Let t be (11 - d)/((-3)/8). What are the prime factors of t + 5 - (0 - 8)?
5
Suppose 2*k + b = 10349, -4*b = 4*k - 7*k + 15496. List the prime factors of k.
2, 3, 431
Let q = 18 - 17. Let j be (-1)/((1/(-17))/q). Suppose 0*u - 2*u + j = v, 4*v + 5*u = 77. List the prime factors of v.
23
Suppose 2*w = -3*w + 20. Let m be (-1 - 5)/(4 + -1 + -5). Suppose 2*b = -2*b + w*u + 40, -5*u - 32 = -m*b. What are the prime factors of b?
3
What are the prime factors of (-7064)/(-10) + -3 + (-39)/(-15)?
2, 353
Let f = 30 - 28. Let h = 8 - f. List the prime factors of 2*-53*(-3)/h.
53
What are the prime factors of (9621/3)/(14/28)?
2, 3, 1069
Suppose -13*v + 2247 = -964. Let c = v + -120. What are the prime factors of c?
127
Let n(a) = 4 + 2 + 2*a + 2 - 3*a. Let g be n(8). Suppose 4*s = -o + 42, -5*s - 84 = -g*o - 2*o. What are the prime factors of o?
2, 3, 7
Let n(c) = -35*c - 3. List the prime factors of n(-37).
2, 17, 19
What are the prime factors of (-88 - -89)/((1/73)/1)?
73
List the prime factors of (0 - -9) + 4212 + 1.
2, 2111
Suppose 0 = -8*o + 2*o + 18. Suppose -o*p = -2*n - 18, -3*p - 1 = -3*n - 22. Suppose p*a = -4*t + 296, -5*t = -t + 3*a - 300. What are the prime factors of t?
2, 3, 13
Suppose -11 + 20 = 3*l. Suppose 0 = k + 4*d - 20, l*d = -k - 2*d + 21. List the prime factors of k.
2
List the prime factors of 3936/6 + (-24)/(-2).
2, 167
Let b(d) = -10*d + 1. Let z(j) = -j - 2. Let c be z(-2). Suppose c = 3*o - 4*o - 2. List the prime factors of b(o).
3, 7
Let u be (84/4)/((-1)/(-1)). Let s be 26 + -28 + (0 - 0). Let z = u + s. What are the prime factors of z?
19
Suppose -10*m = -6*m - 492. Suppose -6*b - s + m = -b, -3*s + 105 = 4*b. Suppose 3*z = 2*i - z - 12, -3*z = -4*i + b. What are the prime factors of i?
2, 3
Let b(p) = p**3 - 6*p**2 + 9*p - 2. Let m be b(6). Suppose -4*t + y = -256, t = -y + 12 + m. List the prime factors of t.
2
Suppose a + 3*t = -16, a + 3*a - t = -64. Let g be (24/a)/(3/(-32)). Let u = 38 - g. What are the prime factors of u?
2, 11
Suppose 27 = r + 5*o, 2*r - 4*o = -5 - 11. Suppose -r*y + 108 = 2*y. Suppose 4*p + y = 5*p. List the prime factors of p.
3
Let o = -35 + 40. Let l(v) = 3*v**2 - 10*v + 3. List the prime factors of l(o).
2, 7
Suppose -2*m + 3112 = 4*u + 928, 0 = -3*u - 2*m + 1637. List the prime factors of u.
547
What are the prime factors of (-16)/(-4) + (1452 - -9)?
5, 293
Let q(t) = 73*t**2 - 6*t - 7. List the prime factors of q(-3).
2, 167
Suppose -4 = -2*n - 3*n + 4*y, -3*n - 5 = 5*y. Suppose h - 6*h + 170 = n. List the prime factors of h.
2, 17
Let u be -2*(-1 - -2) - -55. Suppose 5*r = -2*y + 54, 0 = 5*r + 5*y + 8 - u. What are the prime factors of r?
2, 3
Let m = -56 - -96. Let j = 108 - m. List the prime factors of j.
2, 17
Let s = 147 + -44. Let y = s - 62. What are the prime factors of y?
41
Suppose -44*g - 3380 = -54*g. List the prime factors of g.
2, 13
Suppose -3*i + 63 = -6. Let o be i - -3*(4 - 3). Let f = 37 - o. What are the prime factors of f?
11
Let c = 596 - 529. List the prime factors of c.
67
Let m(s) = 906*s - 43. List the prime factors of m(2).
29, 61
List the prime factors of (4 + -7)/((-1)/(-66)*-1).
2, 3, 11
Suppose -q - 2*a = -6, 2*q - 4*a + 0*a = -12. Suppose -3*r + d - 27 = 0, 0*d + 5*d - 15 = q. List the prime factors of (r - -10)*(-9)/(-2).
3
Let w(u) be the first derivative of -u**3/3 + 6*u**2 + 15*u - 2. Let d be w(13). Suppose 86 = 5*m - 0*g + 3*g, d*m = -3*g + 29. List the prime factors of m.
19
Suppose 0 = 2*x - 4*p + 10, 0 = 2*x + 4*p + 36 - 10. Let u be (2 - 5)*(-30)/x. What are the prime factors of ((-32)/u)/(4/10)?
2
Let x(j) = -j**2 + j + 10. Let q be x(0). Let f(w) = 6*w + 4. Let y be f(q). Suppose -3*r + a + 82 = 0, 2*r = -2*a + 5*a + y. List the prime factors of r.
2, 13
Let f(u) = 4*u + 2. Let a be f(-3). Let j be (-125)/a*8/5. List the prime factors of (-3 + -31)*j/(-8).
5, 17
Suppose -l - 2*k - 67 = -24, 169 = -3*l + 2*k. Suppose 5*w = -52 - 88. Let b = w - l. List the prime factors of b.
5
Let c(i) be the third derivative of -i**6/120 + i**5/10 + 7*i**4/24 + 5*i**3/2 - 19*i**2. List the prime factors of c(7).
3, 5
Let t = -2092 + 2968. What are the prime factors of t?
2, 3, 73
Suppose 0 = 6*r - 9*r - 5*p + 5469, -5*p = 2*r - 3651. What are the prime factors of r?
2, 3, 101
Let q = 0 + 3. Suppose 2*r + 1 = -3, q*j - 23 = -5*r. List the prime factors of 2/j + (-120)/(-66).
2
Let y = 3 - -4. Let s = y - -27. Suppose 4*f + s = 6*f. What are the prime factors of f?
17
Suppose 4*n = -8, 107*n = -2*r + 110*n + 5592. List the prime factors of r.
3, 7, 19
List the prime factors of 4/22 - 22383/(-11).
5, 11, 37
Let n(k) = -4*k**2 + 17*k + 9. Let r = -11 - -15. Let m(u) = 2*u**2 - 8*u - 4. Let j(z) = r*n(z) + 9*m(z). List the prime factors of j(-4).
2, 3
Suppose -10*f = 14*f - 8232. What are the prime factors of f?
7
Let q = 19 + -14. Let w(k) = -k**3 + 5*k**3 + 9*k + 7*k**2 - q*k**3. List the prime factors of w(8).
2
Let y(v) = v**2 + 8*v + 11. Suppose 2*o = b - 15, 0*b = 5*o - b + 42. Let u be y(o). Let p = 34 - u. What are the prime factors of p?
2, 7
Suppose 69 - 7790 = -7*r. What are the prime factors of r?
1103
Suppose 3*r - 2*s = 1681, -5*r - 3*s - 251 = -3078. List the prime factors of r.
563
Suppose -11*x + 16*x = -3*z + 7664, 4*x + 4*z - 6136 = 0. List the prime factors of x.
1531
Let d(z) = z**3 - z**2 + 2*z + 420. Let b be d(0). Suppose 3*y + b = 6*y. List the prime factors of y.
2, 5, 7
List the prime factors of (38/4)/(-8 + (-3179)/(-396)).
2, 3, 19
Let n(s) = s**3 - 8*s**2 + 13*s + 12. Let m be n(10). Suppose 4*c + 2*c - m = 0. List the prime factors of c.
3, 19
Suppose 0 = 14*v - 19*v + 15. Suppose y = 4*s - 9*s + 237, 132 = v*s + 4*y. Suppose 4*z - x = 3*x + 180, s = z - 4*x. List the prime factors of z.
2, 11
Suppose 2*i + 4 = -4. Let b be 0*i/(-16) - 1. List the prime factors of b/(-1 + 16/18).
3
Let j(r) 